{"id":9,"date":"2022-03-04T20:58:18","date_gmt":"2022-03-04T20:58:18","guid":{"rendered":"http:\/\/descendimientocrevillent.es\/?page_id=9"},"modified":"2022-03-12T21:34:38","modified_gmt":"2022-03-12T21:34:38","slug":"contact","status":"publish","type":"page","link":"https:\/\/descendimientocrevillent.es\/?page_id=9","title":{"rendered":"Contacto"},"content":{"rendered":"\n<p>Puede ponerse en contacto con la Cofrad\u00eda a trav\u00e9s de los siguientes canales:<\/p>\n\n\n\n<p>E-mail: descendimientocrevillent@gmail.com<\/p>\n\n\n\n<p>Tel\u00e9fono: 686696669<\/p>\n\n\n\n<p><a href=\"https:\/\/es-es.facebook.com\/santisimocristodescendimientocrevillent\/\" target=\"_blank\" rel=\"noreferrer noopener\" title=\"Facebook\">Facebook<\/a><\/p>\n\n\n\n<p><a href=\"https:\/\/www.instagram.com\/descendimiento.crevillent\/?hl=es\" target=\"_blank\" rel=\"noreferrer noopener\" title=\"Instagram\">Instagram<\/a><\/p>\n\n\n\n<ul class=\"wp-container-1 wp-block-social-links is-style-default\"><\/ul>\n","protected":false},"excerpt":{"rendered":"<p>Puede ponerse en contacto con la Cofrad\u00eda a trav\u00e9s de los siguientes canales: E-mail: descendimientocrevillent@gmail.com Tel\u00e9fono: 686696669 Facebook Instagram<\/p>\n","protected":false},"author":1,"featured_media":21,"parent":0,"menu_order":0,"comment_status":"closed","ping_status":"closed","template":"","meta":{"om_disable_all_campaigns":false,"_mi_skip_tracking":false,"_monsterinsights_sitenote_active":false,"_monsterinsights_sitenote_note":"","_monsterinsights_sitenote_category":0},"aioseo_notices":[],"_links":{"self":[{"href":"https:\/\/descendimientocrevillent.es\/index.php?rest_route=\/wp\/v2\/pages\/9"}],"collection":[{"href":"https:\/\/descendimientocrevillent.es\/index.php?rest_route=\/wp\/v2\/pages"}],"about":[{"href":"https:\/\/descendimientocrevillent.es\/index.php?rest_route=\/wp\/v2\/types\/page"}],"author":[{"embeddable":true,"href":"https:\/\/descendimientocrevillent.es\/index.php?rest_route=\/wp\/v2\/users\/1"}],"replies":[{"embeddable":true,"href":"https:\/\/descendimientocrevillent.es\/index.php?rest_route=%2Fwp%2Fv2%2Fcomments&post=9"}],"version-history":[{"count":3,"href":"https:\/\/descendimientocrevillent.es\/index.php?rest_route=\/wp\/v2\/pages\/9\/revisions"}],"predecessor-version":[{"id":133,"href":"https:\/\/descendimientocrevillent.es\/index.php?rest_route=\/wp\/v2\/pages\/9\/revisions\/133"}],"wp:featuredmedia":[{"embeddable":true,"href":"https:\/\/descendimientocrevillent.es\/index.php?rest_route=\/wp\/v2\/media\/21"}],"wp:attachment":[{"href":"https:\/\/descendimientocrevillent.es\/index.php?rest_route=%2Fwp%2Fv2%2Fmedia&parent=9"}],"curies":[{"name":"wp","href":"https:\/\/api.w.org\/{rel}","templated":true}]}}

<p>Puede ponerse en contacto con la Cofradía a través de los siguientes canales:</p>



<p>E-mail: descendimientocrevillent@gmail.com</p>



<p>Teléfono: 686696669</p>



<p><a href="https://es-es.facebook.com/santisimocristodescendimientocrevillent/" target="_blank" rel="noreferrer noopener" title="Facebook">Facebook</a></p>



<p><a href="https://www.instagram.com/descendimiento.crevillent/?hl=es" target="_blank" rel="noreferrer noopener" title="Instagram">Instagram</a></p>



<ul class="wp-container-1 wp-block-social-links is-style-default"></ul>

<p>Puede ponerse en contacto con la Cofradía a través de los siguientes canales: E-mail: descendimientocrevillent@gmail.com Teléfono: 686696669 Facebook Instagram</p>
