{"id":69,"date":"2022-03-04T22:00:28","date_gmt":"2022-03-04T22:00:28","guid":{"rendered":"http:\/\/descendimientocrevillent.es\/?page_id=69"},"modified":"2025-03-17T18:27:55","modified_gmt":"2025-03-17T18:27:55","slug":"actividades-2022","status":"publish","type":"page","link":"https:\/\/descendimientocrevillent.es\/?page_id=69","title":{"rendered":"Actividades 2025"},"content":{"rendered":"\n<p>A continuaci\u00f3n el listado de Actos previstos y configurados por la Cofrad\u00eda:<\/p>\n\n\n\n<p><strong>S\u00c1BADO 5 DE ABRIL<\/strong><\/p>\n\n\n\n<p>En cumplimiento de los vigentes Estatutos, se convoca Asamblea General Ordinaria de la Cofrad\u00eda en el sal\u00f3n de actos de la Cooperativa El\u00e9ctrica San Francisco de As\u00eds (c\/ Coraz\u00f3n de Jes\u00fas n\u00ba 17) tendr\u00e1 lugar la ASAMBLEA GENERAL ORDINARIA de la cofrad\u00eda a las 10:00 horas en primera convocatoria y a las 10:30 horas en segunda, para tratar el siguiente: <\/p>\n\n\n\n<p><strong>ORDEN DEL D\u00cdA<\/strong>:<\/p>\n\n\n\n<p>1.- Oraci\u00f3n<\/p>\n\n\n\n<p>2.- Lectura y aprobaci\u00f3n si procede del Acta de la Asamblea General Ordinaria 2024.<\/p>\n\n\n\n<p>3.- Aprobaci\u00f3n si procede del Resultado Econ\u00f3mico de 2024.<\/p>\n\n\n\n<p>4.- Aprobaci\u00f3n si procede del Presupuesto para 2025.<\/p>\n\n\n\n<p>5.- Informe del Presidente.<\/p>\n\n\n\n<p>6.- Ruegos y preguntas<br><\/p>\n\n\n\n<p>Una vez finalizada la ASAMBLEA GENERAL ORDINARIA, en cumplimiento de los vigentes Estatutos, se convoca por parte de la Junta Gestora Electoral y en el mismo sal\u00f3n de actos, la <strong>ASAMBLEA GENERAL EXTRAORDINARIA<\/strong> de la Cofrad\u00eda, para tratar el siguiente:<\/p>\n\n\n\n<p>ORDEN DEL D\u00cdA:<\/p>\n\n\n\n<p>1.- Lectura y Aprobaci\u00f3n si procede del Acta de la Asamblea General Extraordinaria anterior.<\/p>\n\n\n\n<p>2.- Votaci\u00f3n de las candidaturas presentadas para las fechas establecidas por el proceso electoral.<\/p>\n\n\n\n<p>Se ruega la m\u00e1xima asistencia y participaci\u00f3n en esta asamblea para el desarrollo de los actos de la Cofrad\u00eda y de nuestra Semana Santa.<\/p>\n\n\n\n<p>La presentaci\u00f3n de candidaturas se har\u00e1 personalmente ante la Junta Gestora Electoral, mediante escrito duplicado, recabando el acuse de recibo en la copia, hasta las 20:00h del d\u00eda lunes 31 de marzo, como expiraci\u00f3n del plazo.<\/p>\n\n\n\n<p>*Para hacer uso del voto ser\u00e1 estrictamente necesario estar registrado como Cofrade y al corriente del pago de la \u00faltima anualidad emitida.<\/p>\n\n\n\n<p>**NO se podr\u00e1 hacer uso del voto ni por delegaci\u00f3n, ni por correo, siendo la \u00fanica forma de ejercer el derecho a voto, presencial y con un documento oficial que acredite la propia identidad.<\/p>\n\n\n\n<p><strong>S\u00c1BADO 12 DE ABRIL <\/strong><\/p>\n\n\n\n<p>A las 11:00 horas, limpieza de los \u00fatiles de la cofrad\u00eda para su puesta a punto de cara a la procesi\u00f3n de la Muerte de Cristo, en el local cedido por la familia Ferr\u00e1ndez Rey en Avenida de Madrid n\u00ba 15.<\/p>\n\n\n\n<p><strong>LUNES 14 DE ABRIL (LUNES SANTO)<\/strong><\/p>\n\n\n\n<p>A las 19:30 horas, en la Parroquia Nuestra Se\u00f1ora de Bel\u00e9n, misa en acci\u00f3n de gracias y memoria de todos los cofrades fallecidos.<\/p>\n\n\n\n<p><strong>JUEVES 17 DE ABRIL (JUEVES SANTO)<\/strong><\/p>\n\n\n\n<p>A las 10:30 horas aproximadamente, limpieza del paso y \u00faltimos preparativos en el Museo de la Semana Santa de Crevillent.<\/p>\n\n\n\n<p><strong>VIERNES 18 DE ABRIL (VIERNES SANTO)<\/strong><\/p>\n\n\n\n<p>A las 9:30 horas, Almuerzo de Hermandad en Restaurante &#8220;La Botica&#8221; (C\/ Dr. Augusto Aznar N\u00ba 10)<\/p>\n\n\n\n<p>A las 16:30 horas, traslado del Paso desde el Museo de la Semana Santa hasta la Parroquia de la Sant\u00edsima Trinidad.<\/p>\n\n\n\n<p>A las 21:00 horas Procesi\u00f3n de la Muerte de Cristo, que iniciaremos con el rezo de un responso por nuestros cofrades fallecidos.<\/p>\n\n\n\n<p>Al t\u00e9rmino de la procesi\u00f3n, traslado del Paso hasta el Museo y cena de costaleros.<\/p>\n\n\n\n<p><strong>NOTAS<\/strong><\/p>\n\n\n\n<p>Se invita a todos los cofrades a participar el Viernes Santo en la procesi\u00f3n de la Muerte de Cristo, debiendo hacerlo con calzado negro, estando prohibido el calzado deportivo.<\/p>\n\n\n\n<p>Se informa a los cofrades que para procesionar (tanto como monaguillo, timbalista o costalero) existe un listado y los interesados deben ponerse en contacto con los respectivos responsables para que dispongan de la informaci\u00f3n y que la organizaci\u00f3n sea lo mejor posible.<\/p>\n\n\n\n<p>Se solicita a los cofrades que tengan en su posesi\u00f3n vestas y dem\u00e1s \u00fatiles propiedad de la Cofrad\u00eda y no participen en la procesi\u00f3n, que los depositen en C\/ Don Quijote N\u00ba 5 para facilitar la participaci\u00f3n de los dem\u00e1s cofrades.<\/p>\n\n\n\n<p>Se recuerda a los cofrades que el almuerzo de hermandad que la Cofrad\u00eda organiza para cofrades y simpatizantes o amistades, se realiza conforme a n\u00famero determinado de asistentes y que cualquier alteraci\u00f3n o modificaci\u00f3n en el mismo deber\u00eda ser convenientemente notificada a la organizaci\u00f3n para dimensionar adecuadamente el almuerzo.<\/p>\n\n\n\n<p>Debido a todos los proyectos iniciados por la actual Junta Directiva, se acuerda un\u00e1nimemente realizar LOTER\u00cdA DEL NI\u00d1O hasta nuevo aviso. Animamos a que realic\u00e9is vuestra reserva del d\u00e9cimo a cualquier miembro de la Junta o colaborador en estos menesteres. Gracias por adelantado.<\/p>\n\n\n\n<p>Si la direcci\u00f3n o los datos que aparecen en el sobre enviado a cada cofrade no son correctos, por favor notifica la actualizaci\u00f3n de los datos a esta direcci\u00f3n de e-mail: descendimientocrevillent@gmail.com <\/p>\n","protected":false},"excerpt":{"rendered":"<p>A continuaci\u00f3n el listado de Actos previstos y configurados por la Cofrad\u00eda: S\u00c1BADO 5 DE ABRIL En cumplimiento de los vigentes Estatutos, se convoca Asamblea General Ordinaria de la Cofrad\u00eda en el sal\u00f3n de actos de la Cooperativa El\u00e9ctrica San Francisco de As\u00eds (c\/ Coraz\u00f3n de Jes\u00fas n\u00ba 17) tendr\u00e1 lugar la ASAMBLEA GENERAL ORDINARIA &hellip; <\/p>\n<p class=\"link-more\"><a href=\"https:\/\/descendimientocrevillent.es\/?page_id=69\" class=\"more-link\">Read more<span class=\"screen-reader-text\"> &#8220;Actividades 2025&#8221;<\/span><\/a><\/p>\n","protected":false},"author":1,"featured_media":21,"parent":0,"menu_order":0,"comment_status":"closed","ping_status":"closed","template":"","meta":{"om_disable_all_campaigns":false,"_mi_skip_tracking":false,"_monsterinsights_sitenote_active":false,"_monsterinsights_sitenote_note":"","_monsterinsights_sitenote_category":0},"aioseo_notices":[],"_links":{"self":[{"href":"https:\/\/descendimientocrevillent.es\/index.php?rest_route=\/wp\/v2\/pages\/69"}],"collection":[{"href":"https:\/\/descendimientocrevillent.es\/index.php?rest_route=\/wp\/v2\/pages"}],"about":[{"href":"https:\/\/descendimientocrevillent.es\/index.php?rest_route=\/wp\/v2\/types\/page"}],"author":[{"embeddable":true,"href":"https:\/\/descendimientocrevillent.es\/index.php?rest_route=\/wp\/v2\/users\/1"}],"replies":[{"embeddable":true,"href":"https:\/\/descendimientocrevillent.es\/index.php?rest_route=%2Fwp%2Fv2%2Fcomments&post=69"}],"version-history":[{"count":6,"href":"https:\/\/descendimientocrevillent.es\/index.php?rest_route=\/wp\/v2\/pages\/69\/revisions"}],"predecessor-version":[{"id":257,"href":"https:\/\/descendimientocrevillent.es\/index.php?rest_route=\/wp\/v2\/pages\/69\/revisions\/257"}],"wp:featuredmedia":[{"embeddable":true,"href":"https:\/\/descendimientocrevillent.es\/index.php?rest_route=\/wp\/v2\/media\/21"}],"wp:attachment":[{"href":"https:\/\/descendimientocrevillent.es\/index.php?rest_route=%2Fwp%2Fv2%2Fmedia&parent=69"}],"curies":[{"name":"wp","href":"https:\/\/api.w.org\/{rel}","templated":true}]}}

<p>A continuación el listado de Actos previstos y configurados por la Cofradía:</p>



<p><strong>SÁBADO 5 DE ABRIL</strong></p>



<p>En cumplimiento de los vigentes Estatutos, se convoca Asamblea General Ordinaria de la Cofradía en el salón de actos de la Cooperativa Eléctrica San Francisco de Asís (c/ Corazón de Jesús nº 17) tendrá lugar la ASAMBLEA GENERAL ORDINARIA de la cofradía a las 10:00 horas en primera convocatoria y a las 10:30 horas en segunda, para tratar el siguiente: </p>



<p><strong>ORDEN DEL DÍA</strong>:</p>



<p>1.- Oración</p>



<p>2.- Lectura y aprobación si procede del Acta de la Asamblea General Ordinaria 2024.</p>



<p>3.- Aprobación si procede del Resultado Económico de 2024.</p>



<p>4.- Aprobación si procede del Presupuesto para 2025.</p>



<p>5.- Informe del Presidente.</p>



<p>6.- Ruegos y preguntas<br></p>



<p>Una vez finalizada la ASAMBLEA GENERAL ORDINARIA, en cumplimiento de los vigentes Estatutos, se convoca por parte de la Junta Gestora Electoral y en el mismo salón de actos, la <strong>ASAMBLEA GENERAL EXTRAORDINARIA</strong> de la Cofradía, para tratar el siguiente:</p>



<p>ORDEN DEL DÍA:</p>



<p>1.- Lectura y Aprobación si procede del Acta de la Asamblea General Extraordinaria anterior.</p>



<p>2.- Votación de las candidaturas presentadas para las fechas establecidas por el proceso electoral.</p>



<p>Se ruega la máxima asistencia y participación en esta asamblea para el desarrollo de los actos de la Cofradía y de nuestra Semana Santa.</p>



<p>La presentación de candidaturas se hará personalmente ante la Junta Gestora Electoral, mediante escrito duplicado, recabando el acuse de recibo en la copia, hasta las 20:00h del día lunes 31 de marzo, como expiración del plazo.</p>



<p>*Para hacer uso del voto será estrictamente necesario estar registrado como Cofrade y al corriente del pago de la última anualidad emitida.</p>



<p>**NO se podrá hacer uso del voto ni por delegación, ni por correo, siendo la única forma de ejercer el derecho a voto, presencial y con un documento oficial que acredite la propia identidad.</p>



<p><strong>SÁBADO 12 DE ABRIL </strong></p>



<p>A las 11:00 horas, limpieza de los útiles de la cofradía para su puesta a punto de cara a la procesión de la Muerte de Cristo, en el local cedido por la familia Ferrández Rey en Avenida de Madrid nº 15.</p>



<p><strong>LUNES 14 DE ABRIL (LUNES SANTO)</strong></p>



<p>A las 19:30 horas, en la Parroquia Nuestra Señora de Belén, misa en acción de gracias y memoria de todos los cofrades fallecidos.</p>



<p><strong>JUEVES 17 DE ABRIL (JUEVES SANTO)</strong></p>



<p>A las 10:30 horas aproximadamente, limpieza del paso y últimos preparativos en el Museo de la Semana Santa de Crevillent.</p>



<p><strong>VIERNES 18 DE ABRIL (VIERNES SANTO)</strong></p>



<p>A las 9:30 horas, Almuerzo de Hermandad en Restaurante &#8220;La Botica&#8221; (C/ Dr. Augusto Aznar Nº 10)</p>



<p>A las 16:30 horas, traslado del Paso desde el Museo de la Semana Santa hasta la Parroquia de la Santísima Trinidad.</p>



<p>A las 21:00 horas Procesión de la Muerte de Cristo, que iniciaremos con el rezo de un responso por nuestros cofrades fallecidos.</p>



<p>Al término de la procesión, traslado del Paso hasta el Museo y cena de costaleros.</p>



<p><strong>NOTAS</strong></p>



<p>Se invita a todos los cofrades a participar el Viernes Santo en la procesión de la Muerte de Cristo, debiendo hacerlo con calzado negro, estando prohibido el calzado deportivo.</p>



<p>Se informa a los cofrades que para procesionar (tanto como monaguillo, timbalista o costalero) existe un listado y los interesados deben ponerse en contacto con los respectivos responsables para que dispongan de la información y que la organización sea lo mejor posible.</p>



<p>Se solicita a los cofrades que tengan en su posesión vestas y demás útiles propiedad de la Cofradía y no participen en la procesión, que los depositen en C/ Don Quijote Nº 5 para facilitar la participación de los demás cofrades.</p>



<p>Se recuerda a los cofrades que el almuerzo de hermandad que la Cofradía organiza para cofrades y simpatizantes o amistades, se realiza conforme a número determinado de asistentes y que cualquier alteración o modificación en el mismo debería ser convenientemente notificada a la organización para dimensionar adecuadamente el almuerzo.</p>



<p>Debido a todos los proyectos iniciados por la actual Junta Directiva, se acuerda unánimemente realizar LOTERÍA DEL NIÑO hasta nuevo aviso. Animamos a que realicéis vuestra reserva del décimo a cualquier miembro de la Junta o colaborador en estos menesteres. Gracias por adelantado.</p>



<p>Si la dirección o los datos que aparecen en el sobre enviado a cada cofrade no son correctos, por favor notifica la actualización de los datos a esta dirección de e-mail: descendimientocrevillent@gmail.com </p>

<p>A continuación el listado de Actos previstos y configurados por la Cofradía: SÁBADO 5 DE ABRIL En cumplimiento de los vigentes Estatutos, se convoca Asamblea General Ordinaria de la Cofradía en el salón de actos de la Cooperativa Eléctrica San Francisco de Asís (c/ Corazón de Jesús nº 17) tendrá lugar la ASAMBLEA GENERAL ORDINARIA &hellip; </p>
<p class="link-more"><a href="https://descendimientocrevillent.es/?page_id=69" class="more-link">Read more<span class="screen-reader-text"> &#8220;Actividades 2025&#8221;</span></a></p>
