{"id":222,"date":"2022-04-24T18:50:32","date_gmt":"2022-04-24T18:50:32","guid":{"rendered":"http:\/\/descendimientocrevillent.es\/?page_id=222"},"modified":"2022-05-01T17:39:44","modified_gmt":"2022-05-01T17:39:44","slug":"mesa-redonda-75-aniversario","status":"publish","type":"page","link":"https:\/\/descendimientocrevillent.es\/?page_id=222","title":{"rendered":"Mesa Redonda 75 Aniversario"},"content":{"rendered":"\n<p>Durante el a\u00f1o 2022 se celebran el 75 aniversario de la Cofrad\u00eda del Sant\u00edsimo Cristo del Descendimiento de Crevillent. <br>Uno de los actos realizados para la celebraci\u00f3n de esta efem\u00e9ride ha sido una mesa redonda celebrada el 28 de Marzo de 2022 en las instalaciones de Enercoop.<\/p>\n\n\n\n<figure class=\"wp-block-image size-large\"><img loading=\"lazy\" width=\"726\" height=\"1024\" src=\"https:\/\/descendimientocrevillent.es\/wp-content\/uploads\/2022\/03\/WhatsApp-Image-2022-03-14-at-16.15.15-726x1024.jpeg\" alt=\"\" class=\"wp-image-135\" srcset=\"https:\/\/descendimientocrevillent.es\/wp-content\/uploads\/2022\/03\/WhatsApp-Image-2022-03-14-at-16.15.15-726x1024.jpeg 726w, https:\/\/descendimientocrevillent.es\/wp-content\/uploads\/2022\/03\/WhatsApp-Image-2022-03-14-at-16.15.15-213x300.jpeg 213w, https:\/\/descendimientocrevillent.es\/wp-content\/uploads\/2022\/03\/WhatsApp-Image-2022-03-14-at-16.15.15-768x1083.jpeg 768w, https:\/\/descendimientocrevillent.es\/wp-content\/uploads\/2022\/03\/WhatsApp-Image-2022-03-14-at-16.15.15-1090x1536.jpeg 1090w, https:\/\/descendimientocrevillent.es\/wp-content\/uploads\/2022\/03\/WhatsApp-Image-2022-03-14-at-16.15.15.jpeg 1135w\" sizes=\"(max-width: 726px) 100vw, 726px\" \/><\/figure>\n\n\n\n<p>La mesa redonda estuvo compuesta, de izquierda a derecha, por:<\/p>\n\n\n\n<p>D. Francisco Polo Candela<\/p>\n\n\n\n<p>D. Juan Carlos Gil (Vicepresidente de la Hermandad de la Santa Cruz de Alicante)<\/p>\n\n\n\n<p>D. Jos\u00e9 Antonio Serna Asencio<\/p>\n\n\n\n<p>D. Carlos Candela G\u00f3mez<\/p>\n\n\n\n<figure class=\"wp-block-image size-large\"><img loading=\"lazy\" width=\"1024\" height=\"768\" src=\"https:\/\/descendimientocrevillent.es\/wp-content\/uploads\/2022\/03\/WhatsApp-Image-2022-03-19-at-12.02.45-6-1024x768.jpeg\" alt=\"\" class=\"wp-image-142\" srcset=\"https:\/\/descendimientocrevillent.es\/wp-content\/uploads\/2022\/03\/WhatsApp-Image-2022-03-19-at-12.02.45-6-1024x768.jpeg 1024w, https:\/\/descendimientocrevillent.es\/wp-content\/uploads\/2022\/03\/WhatsApp-Image-2022-03-19-at-12.02.45-6-300x225.jpeg 300w, https:\/\/descendimientocrevillent.es\/wp-content\/uploads\/2022\/03\/WhatsApp-Image-2022-03-19-at-12.02.45-6-768x576.jpeg 768w, https:\/\/descendimientocrevillent.es\/wp-content\/uploads\/2022\/03\/WhatsApp-Image-2022-03-19-at-12.02.45-6-1536x1153.jpeg 1536w, https:\/\/descendimientocrevillent.es\/wp-content\/uploads\/2022\/03\/WhatsApp-Image-2022-03-19-at-12.02.45-6.jpeg 1599w\" sizes=\"(max-width: 1024px) 100vw, 1024px\" \/><\/figure>\n\n\n\n<p>Para iniciar la mesa redonda pudimos visionar los siguientes documentos audivisuales:<\/p>\n\n\n\n<figure class=\"wp-block-embed is-type-video is-provider-youtube wp-block-embed-youtube wp-embed-aspect-16-9 wp-has-aspect-ratio\"><div class=\"wp-block-embed__wrapper\">\n<iframe loading=\"lazy\" title=\"Stmo Cristo del Descendimiento 2021 - Hacia el 75 Aniversario\" width=\"950\" height=\"534\" src=\"https:\/\/www.youtube.com\/embed\/o953d7DrnF8?feature=oembed\" frameborder=\"0\" allow=\"accelerometer; autoplay; clipboard-write; encrypted-media; gyroscope; picture-in-picture\" allowfullscreen><\/iframe>\n<\/div><\/figure>\n\n\n\n<p>Y en segundo lugar, un poema de D. Rafel Duyos recitado por D\u00f1a. Esperanza Candela Sempere:<\/p>\n\n\n\n<figure class=\"wp-block-embed is-type-video is-provider-youtube wp-block-embed-youtube wp-embed-aspect-16-9 wp-has-aspect-ratio\"><div class=\"wp-block-embed__wrapper\">\n<iframe loading=\"lazy\" title=\"Poema EL DESCENDIMIENTO de Rafael Duyos recitado por ESPERANZA CANDELA SEMPERE\" width=\"950\" height=\"534\" src=\"https:\/\/www.youtube.com\/embed\/Z8-VbEZwfls?start=4&#038;feature=oembed\" frameborder=\"0\" allow=\"accelerometer; autoplay; clipboard-write; encrypted-media; gyroscope; picture-in-picture\" allowfullscreen><\/iframe>\n<\/div><\/figure>\n\n\n\n<p>El video completo de la mesa redonda puede verse aqu\u00ed por cortes\u00eda de <a href=\"http:\/\/www.crevinet.com\/\" target=\"_blank\" rel=\"noreferrer noopener\">Crevinet<\/a>:<\/p>\n\n\n\n<figure class=\"wp-block-embed is-type-video is-provider-youtube wp-block-embed-youtube wp-embed-aspect-16-9 wp-has-aspect-ratio\"><div class=\"wp-block-embed__wrapper\">\n<iframe loading=\"lazy\" title=\"Mesa redonda sant\u00edsimo cristo del descendimiento de Creviellent\" width=\"950\" height=\"534\" src=\"https:\/\/www.youtube.com\/embed\/CDsDKDawr_k?start=31&#038;feature=oembed\" frameborder=\"0\" allow=\"accelerometer; autoplay; clipboard-write; encrypted-media; gyroscope; picture-in-picture\" allowfullscreen><\/iframe>\n<\/div><\/figure>\n\n\n\n<p>Posteriormente de la mesa redonda, tuvo lugar una cena de hermandad en los salones del restaurante Las Palmeras, en las que adem\u00e1s del discurso del actual presidente de la Cofrad\u00eda (Cayetano Mas) se hizo entrega de un reconocimiento a los 3 anteriores presidentes: <\/p>\n\n\n\n<p>D. Antonio Polo Torregrosa<\/p>\n\n\n\n<p>D. Francisco Polo Cant\u00f3 <\/p>\n\n\n\n<p>D. Francisco Polo Candela<\/p>\n\n\n\n<p>Y se realiz\u00f3 el nombramiento de Hermano Mayor a D. Jos\u00e9 Antonio Serna Asencio:<\/p>\n\n\n\n<figure class=\"wp-block-image size-full\"><img loading=\"lazy\" width=\"629\" height=\"791\" src=\"https:\/\/descendimientocrevillent.es\/wp-content\/uploads\/2022\/03\/Hermano-Mayor.jpeg\" alt=\"\" class=\"wp-image-146\" srcset=\"https:\/\/descendimientocrevillent.es\/wp-content\/uploads\/2022\/03\/Hermano-Mayor.jpeg 629w, https:\/\/descendimientocrevillent.es\/wp-content\/uploads\/2022\/03\/Hermano-Mayor-239x300.jpeg 239w\" sizes=\"(max-width: 629px) 100vw, 629px\" \/><\/figure>\n\n\n\n<p>Por \u00faltimo, D. Antonio Aznar hizo entrega a la Cofrad\u00eda de un grabado conmemorativo del 75 aniversario.<\/p>\n\n\n\n<figure class=\"wp-block-image size-full\"><img loading=\"lazy\" width=\"467\" height=\"701\" src=\"https:\/\/descendimientocrevillent.es\/wp-content\/uploads\/2022\/03\/Sintonia-Cofrade.jpeg\" alt=\"\" class=\"wp-image-147\" srcset=\"https:\/\/descendimientocrevillent.es\/wp-content\/uploads\/2022\/03\/Sintonia-Cofrade.jpeg 467w, https:\/\/descendimientocrevillent.es\/wp-content\/uploads\/2022\/03\/Sintonia-Cofrade-200x300.jpeg 200w\" sizes=\"(max-width: 467px) 100vw, 467px\" \/><\/figure>\n","protected":false},"excerpt":{"rendered":"<p>Durante el a\u00f1o 2022 se celebran el 75 aniversario de la Cofrad\u00eda del Sant\u00edsimo Cristo del Descendimiento de Crevillent. Uno de los actos realizados para la celebraci\u00f3n de esta efem\u00e9ride ha sido una mesa redonda celebrada el 28 de Marzo de 2022 en las instalaciones de Enercoop. La mesa redonda estuvo compuesta, de izquierda a &hellip; <\/p>\n<p class=\"link-more\"><a href=\"https:\/\/descendimientocrevillent.es\/?page_id=222\" class=\"more-link\">Read more<span class=\"screen-reader-text\"> &#8220;Mesa Redonda 75 Aniversario&#8221;<\/span><\/a><\/p>\n","protected":false},"author":1,"featured_media":0,"parent":0,"menu_order":0,"comment_status":"closed","ping_status":"closed","template":"","meta":{"om_disable_all_campaigns":false,"_mi_skip_tracking":false,"_monsterinsights_sitenote_active":false,"_monsterinsights_sitenote_note":"","_monsterinsights_sitenote_category":0},"aioseo_notices":[],"_links":{"self":[{"href":"https:\/\/descendimientocrevillent.es\/index.php?rest_route=\/wp\/v2\/pages\/222"}],"collection":[{"href":"https:\/\/descendimientocrevillent.es\/index.php?rest_route=\/wp\/v2\/pages"}],"about":[{"href":"https:\/\/descendimientocrevillent.es\/index.php?rest_route=\/wp\/v2\/types\/page"}],"author":[{"embeddable":true,"href":"https:\/\/descendimientocrevillent.es\/index.php?rest_route=\/wp\/v2\/users\/1"}],"replies":[{"embeddable":true,"href":"https:\/\/descendimientocrevillent.es\/index.php?rest_route=%2Fwp%2Fv2%2Fcomments&post=222"}],"version-history":[{"count":4,"href":"https:\/\/descendimientocrevillent.es\/index.php?rest_route=\/wp\/v2\/pages\/222\/revisions"}],"predecessor-version":[{"id":230,"href":"https:\/\/descendimientocrevillent.es\/index.php?rest_route=\/wp\/v2\/pages\/222\/revisions\/230"}],"wp:attachment":[{"href":"https:\/\/descendimientocrevillent.es\/index.php?rest_route=%2Fwp%2Fv2%2Fmedia&parent=222"}],"curies":[{"name":"wp","href":"https:\/\/api.w.org\/{rel}","templated":true}]}}

<p>Durante el año 2022 se celebran el 75 aniversario de la Cofradía del Santísimo Cristo del Descendimiento de Crevillent. <br>Uno de los actos realizados para la celebración de esta efeméride ha sido una mesa redonda celebrada el 28 de Marzo de 2022 en las instalaciones de Enercoop.</p>



<figure class="wp-block-image size-large"><img loading="lazy" width="726" height="1024" src="https://descendimientocrevillent.es/wp-content/uploads/2022/03/WhatsApp-Image-2022-03-14-at-16.15.15-726x1024.jpeg" alt="" class="wp-image-135" srcset="https://descendimientocrevillent.es/wp-content/uploads/2022/03/WhatsApp-Image-2022-03-14-at-16.15.15-726x1024.jpeg 726w, https://descendimientocrevillent.es/wp-content/uploads/2022/03/WhatsApp-Image-2022-03-14-at-16.15.15-213x300.jpeg 213w, https://descendimientocrevillent.es/wp-content/uploads/2022/03/WhatsApp-Image-2022-03-14-at-16.15.15-768x1083.jpeg 768w, https://descendimientocrevillent.es/wp-content/uploads/2022/03/WhatsApp-Image-2022-03-14-at-16.15.15-1090x1536.jpeg 1090w, https://descendimientocrevillent.es/wp-content/uploads/2022/03/WhatsApp-Image-2022-03-14-at-16.15.15.jpeg 1135w" sizes="(max-width: 726px) 100vw, 726px" /></figure>



<p>La mesa redonda estuvo compuesta, de izquierda a derecha, por:</p>



<p>D. Francisco Polo Candela</p>



<p>D. Juan Carlos Gil (Vicepresidente de la Hermandad de la Santa Cruz de Alicante)</p>



<p>D. José Antonio Serna Asencio</p>



<p>D. Carlos Candela Gómez</p>



<figure class="wp-block-image size-large"><img loading="lazy" width="1024" height="768" src="https://descendimientocrevillent.es/wp-content/uploads/2022/03/WhatsApp-Image-2022-03-19-at-12.02.45-6-1024x768.jpeg" alt="" class="wp-image-142" srcset="https://descendimientocrevillent.es/wp-content/uploads/2022/03/WhatsApp-Image-2022-03-19-at-12.02.45-6-1024x768.jpeg 1024w, https://descendimientocrevillent.es/wp-content/uploads/2022/03/WhatsApp-Image-2022-03-19-at-12.02.45-6-300x225.jpeg 300w, https://descendimientocrevillent.es/wp-content/uploads/2022/03/WhatsApp-Image-2022-03-19-at-12.02.45-6-768x576.jpeg 768w, https://descendimientocrevillent.es/wp-content/uploads/2022/03/WhatsApp-Image-2022-03-19-at-12.02.45-6-1536x1153.jpeg 1536w, https://descendimientocrevillent.es/wp-content/uploads/2022/03/WhatsApp-Image-2022-03-19-at-12.02.45-6.jpeg 1599w" sizes="(max-width: 1024px) 100vw, 1024px" /></figure>



<p>Para iniciar la mesa redonda pudimos visionar los siguientes documentos audivisuales:</p>



<figure class="wp-block-embed is-type-video is-provider-youtube wp-block-embed-youtube wp-embed-aspect-16-9 wp-has-aspect-ratio"><div class="wp-block-embed__wrapper">
<iframe loading="lazy" title="Stmo Cristo del Descendimiento 2021 - Hacia el 75 Aniversario" width="950" height="534" src="https://www.youtube.com/embed/o953d7DrnF8?feature=oembed" frameborder="0" allow="accelerometer; autoplay; clipboard-write; encrypted-media; gyroscope; picture-in-picture" allowfullscreen></iframe>
</div></figure>



<p>Y en segundo lugar, un poema de D. Rafel Duyos recitado por Dña. Esperanza Candela Sempere:</p>



<figure class="wp-block-embed is-type-video is-provider-youtube wp-block-embed-youtube wp-embed-aspect-16-9 wp-has-aspect-ratio"><div class="wp-block-embed__wrapper">
<iframe loading="lazy" title="Poema EL DESCENDIMIENTO de Rafael Duyos recitado por ESPERANZA CANDELA SEMPERE" width="950" height="534" src="https://www.youtube.com/embed/Z8-VbEZwfls?start=4&#038;feature=oembed" frameborder="0" allow="accelerometer; autoplay; clipboard-write; encrypted-media; gyroscope; picture-in-picture" allowfullscreen></iframe>
</div></figure>



<p>El video completo de la mesa redonda puede verse aquí por cortesía de <a href="http://www.crevinet.com/" target="_blank" rel="noreferrer noopener">Crevinet</a>:</p>



<figure class="wp-block-embed is-type-video is-provider-youtube wp-block-embed-youtube wp-embed-aspect-16-9 wp-has-aspect-ratio"><div class="wp-block-embed__wrapper">
<iframe loading="lazy" title="Mesa redonda santísimo cristo del descendimiento de Creviellent" width="950" height="534" src="https://www.youtube.com/embed/CDsDKDawr_k?start=31&#038;feature=oembed" frameborder="0" allow="accelerometer; autoplay; clipboard-write; encrypted-media; gyroscope; picture-in-picture" allowfullscreen></iframe>
</div></figure>



<p>Posteriormente de la mesa redonda, tuvo lugar una cena de hermandad en los salones del restaurante Las Palmeras, en las que además del discurso del actual presidente de la Cofradía (Cayetano Mas) se hizo entrega de un reconocimiento a los 3 anteriores presidentes: </p>



<p>D. Antonio Polo Torregrosa</p>



<p>D. Francisco Polo Cantó </p>



<p>D. Francisco Polo Candela</p>



<p>Y se realizó el nombramiento de Hermano Mayor a D. José Antonio Serna Asencio:</p>



<figure class="wp-block-image size-full"><img loading="lazy" width="629" height="791" src="https://descendimientocrevillent.es/wp-content/uploads/2022/03/Hermano-Mayor.jpeg" alt="" class="wp-image-146" srcset="https://descendimientocrevillent.es/wp-content/uploads/2022/03/Hermano-Mayor.jpeg 629w, https://descendimientocrevillent.es/wp-content/uploads/2022/03/Hermano-Mayor-239x300.jpeg 239w" sizes="(max-width: 629px) 100vw, 629px" /></figure>



<p>Por último, D. Antonio Aznar hizo entrega a la Cofradía de un grabado conmemorativo del 75 aniversario.</p>



<figure class="wp-block-image size-full"><img loading="lazy" width="467" height="701" src="https://descendimientocrevillent.es/wp-content/uploads/2022/03/Sintonia-Cofrade.jpeg" alt="" class="wp-image-147" srcset="https://descendimientocrevillent.es/wp-content/uploads/2022/03/Sintonia-Cofrade.jpeg 467w, https://descendimientocrevillent.es/wp-content/uploads/2022/03/Sintonia-Cofrade-200x300.jpeg 200w" sizes="(max-width: 467px) 100vw, 467px" /></figure>

<p>Durante el año 2022 se celebran el 75 aniversario de la Cofradía del Santísimo Cristo del Descendimiento de Crevillent. Uno de los actos realizados para la celebración de esta efeméride ha sido una mesa redonda celebrada el 28 de Marzo de 2022 en las instalaciones de Enercoop. La mesa redonda estuvo compuesta, de izquierda a &hellip; </p>
<p class="link-more"><a href="https://descendimientocrevillent.es/?page_id=222" class="more-link">Read more<span class="screen-reader-text"> &#8220;Mesa Redonda 75 Aniversario&#8221;</span></a></p>
