{"id":2,"date":"2022-02-05T23:14:29","date_gmt":"2022-02-05T23:14:29","guid":{"rendered":"http:\/\/descendimientocrevillent.es\/?page_id=2"},"modified":"2022-04-24T18:23:40","modified_gmt":"2022-04-24T18:23:40","slug":"sample-page","status":"publish","type":"page","link":"https:\/\/descendimientocrevillent.es\/?page_id=2","title":{"rendered":"Videos"},"content":{"rendered":"\n<p>A continuaci\u00f3n compartimos v\u00eddeos de la Cofrad\u00eda editados y publicados por D. Francisco Polo Candela, a quien agradecemos su dedicaci\u00f3n a la cofrad\u00eda. Una dedicaci\u00f3n que entre otras muchas cosas nos deja un gran legado documental.<\/p>\n\n\n\n<p class=\"has-medium-font-size\">Procesi\u00f3n 2022<\/p>\n\n\n\n<figure class=\"wp-block-embed is-type-video is-provider-youtube wp-block-embed-youtube wp-embed-aspect-16-9 wp-has-aspect-ratio\"><div class=\"wp-block-embed__wrapper\">\n<iframe loading=\"lazy\" title=\"Viernes Santo en Crevillent, Procesi\u00f3n de la Muerte de Cristo\" width=\"950\" height=\"534\" src=\"https:\/\/www.youtube.com\/embed\/SMPjXSB90fg?start=5895&#038;feature=oembed\" frameborder=\"0\" allow=\"accelerometer; autoplay; clipboard-write; encrypted-media; gyroscope; picture-in-picture\" allowfullscreen><\/iframe>\n<\/div><\/figure>\n\n\n\n<p class=\"has-medium-font-size\">Hacia el 75 aniversario<\/p>\n\n\n\n<figure class=\"wp-block-embed is-type-video is-provider-youtube wp-block-embed-youtube wp-embed-aspect-16-9 wp-has-aspect-ratio\"><div class=\"wp-block-embed__wrapper\">\n<iframe loading=\"lazy\" title=\"Stmo Cristo del Descendimiento 2021 - Hacia el 75 Aniversario\" width=\"950\" height=\"534\" src=\"https:\/\/www.youtube.com\/embed\/o953d7DrnF8?feature=oembed\" frameborder=\"0\" allow=\"accelerometer; autoplay; clipboard-write; encrypted-media; gyroscope; picture-in-picture\" allowfullscreen><\/iframe>\n<\/div><\/figure>\n\n\n\n<p class=\"has-medium-font-size\">Conferencia Descendimiento<\/p>\n\n\n\n<figure class=\"wp-block-embed is-type-video is-provider-youtube wp-block-embed-youtube wp-embed-aspect-4-3 wp-has-aspect-ratio\"><div class=\"wp-block-embed__wrapper\">\n<iframe loading=\"lazy\" title=\"Conferencia Descendimiento\" width=\"950\" height=\"713\" src=\"https:\/\/www.youtube.com\/embed\/v_yUiiQXcIg?feature=oembed\" frameborder=\"0\" allow=\"accelerometer; autoplay; clipboard-write; encrypted-media; gyroscope; picture-in-picture\" allowfullscreen><\/iframe>\n<\/div><\/figure>\n\n\n\n<p class=\"has-medium-font-size\">50 aniversario Stmo. Cristo del Descendimiento<\/p>\n\n\n\n<figure class=\"wp-block-embed is-type-video is-provider-youtube wp-block-embed-youtube wp-embed-aspect-4-3 wp-has-aspect-ratio\"><div class=\"wp-block-embed__wrapper\">\n<iframe loading=\"lazy\" title=\"50 Aniversario Stmo Cristo del Descendimiento\" width=\"950\" height=\"713\" src=\"https:\/\/www.youtube.com\/embed\/c4SsdzGBhpU?feature=oembed\" frameborder=\"0\" allow=\"accelerometer; autoplay; clipboard-write; encrypted-media; gyroscope; picture-in-picture\" allowfullscreen><\/iframe>\n<\/div><\/figure>\n\n\n\n<p class=\"has-medium-font-size\">Procesi\u00f3n Muerte de Cristo 2016<\/p>\n\n\n\n<figure class=\"wp-block-embed is-type-video is-provider-youtube wp-block-embed-youtube wp-embed-aspect-16-9 wp-has-aspect-ratio\"><div class=\"wp-block-embed__wrapper\">\n<iframe loading=\"lazy\" title=\"Stmo. Cristo del Descendimiento Crevillent\" width=\"950\" height=\"534\" src=\"https:\/\/www.youtube.com\/embed\/y7TKgtWIIM0?feature=oembed\" frameborder=\"0\" allow=\"accelerometer; autoplay; clipboard-write; encrypted-media; gyroscope; picture-in-picture\" allowfullscreen><\/iframe>\n<\/div><\/figure>\n\n\n\n<p class=\"has-medium-font-size\">Procesi\u00f3n Muerte de Cristo 2014<\/p>\n\n\n\n<figure class=\"wp-block-embed is-type-video is-provider-youtube wp-block-embed-youtube wp-embed-aspect-16-9 wp-has-aspect-ratio\"><div class=\"wp-block-embed__wrapper\">\n<iframe loading=\"lazy\" title=\"Stmo Cristo del Descendimiento 2014\" width=\"950\" height=\"534\" src=\"https:\/\/www.youtube.com\/embed\/Pq7pFrK0vPk?feature=oembed\" frameborder=\"0\" allow=\"accelerometer; autoplay; clipboard-write; encrypted-media; gyroscope; picture-in-picture\" allowfullscreen><\/iframe>\n<\/div><\/figure>\n","protected":false},"excerpt":{"rendered":"<p>A continuaci\u00f3n compartimos v\u00eddeos de la Cofrad\u00eda editados y publicados por D. Francisco Polo Candela, a quien agradecemos su dedicaci\u00f3n a la cofrad\u00eda. Una dedicaci\u00f3n que entre otras muchas cosas nos deja un gran legado documental. Procesi\u00f3n 2022 Hacia el 75 aniversario Conferencia Descendimiento 50 aniversario Stmo. Cristo del Descendimiento Procesi\u00f3n Muerte de Cristo 2016 &hellip; <\/p>\n<p class=\"link-more\"><a href=\"https:\/\/descendimientocrevillent.es\/?page_id=2\" class=\"more-link\">Read more<span class=\"screen-reader-text\"> &#8220;Videos&#8221;<\/span><\/a><\/p>\n","protected":false},"author":1,"featured_media":21,"parent":0,"menu_order":0,"comment_status":"closed","ping_status":"open","template":"","meta":{"om_disable_all_campaigns":false,"_mi_skip_tracking":false,"_monsterinsights_sitenote_active":false,"_monsterinsights_sitenote_note":"","_monsterinsights_sitenote_category":0},"aioseo_notices":[],"_links":{"self":[{"href":"https:\/\/descendimientocrevillent.es\/index.php?rest_route=\/wp\/v2\/pages\/2"}],"collection":[{"href":"https:\/\/descendimientocrevillent.es\/index.php?rest_route=\/wp\/v2\/pages"}],"about":[{"href":"https:\/\/descendimientocrevillent.es\/index.php?rest_route=\/wp\/v2\/types\/page"}],"author":[{"embeddable":true,"href":"https:\/\/descendimientocrevillent.es\/index.php?rest_route=\/wp\/v2\/users\/1"}],"replies":[{"embeddable":true,"href":"https:\/\/descendimientocrevillent.es\/index.php?rest_route=%2Fwp%2Fv2%2Fcomments&post=2"}],"version-history":[{"count":7,"href":"https:\/\/descendimientocrevillent.es\/index.php?rest_route=\/wp\/v2\/pages\/2\/revisions"}],"predecessor-version":[{"id":219,"href":"https:\/\/descendimientocrevillent.es\/index.php?rest_route=\/wp\/v2\/pages\/2\/revisions\/219"}],"wp:featuredmedia":[{"embeddable":true,"href":"https:\/\/descendimientocrevillent.es\/index.php?rest_route=\/wp\/v2\/media\/21"}],"wp:attachment":[{"href":"https:\/\/descendimientocrevillent.es\/index.php?rest_route=%2Fwp%2Fv2%2Fmedia&parent=2"}],"curies":[{"name":"wp","href":"https:\/\/api.w.org\/{rel}","templated":true}]}}

<p>A continuación compartimos vídeos de la Cofradía editados y publicados por D. Francisco Polo Candela, a quien agradecemos su dedicación a la cofradía. Una dedicación que entre otras muchas cosas nos deja un gran legado documental.</p>



<p class="has-medium-font-size">Procesión 2022</p>



<figure class="wp-block-embed is-type-video is-provider-youtube wp-block-embed-youtube wp-embed-aspect-16-9 wp-has-aspect-ratio"><div class="wp-block-embed__wrapper">
<iframe loading="lazy" title="Viernes Santo en Crevillent, Procesión de la Muerte de Cristo" width="950" height="534" src="https://www.youtube.com/embed/SMPjXSB90fg?start=5895&#038;feature=oembed" frameborder="0" allow="accelerometer; autoplay; clipboard-write; encrypted-media; gyroscope; picture-in-picture" allowfullscreen></iframe>
</div></figure>



<p class="has-medium-font-size">Hacia el 75 aniversario</p>



<figure class="wp-block-embed is-type-video is-provider-youtube wp-block-embed-youtube wp-embed-aspect-16-9 wp-has-aspect-ratio"><div class="wp-block-embed__wrapper">
<iframe loading="lazy" title="Stmo Cristo del Descendimiento 2021 - Hacia el 75 Aniversario" width="950" height="534" src="https://www.youtube.com/embed/o953d7DrnF8?feature=oembed" frameborder="0" allow="accelerometer; autoplay; clipboard-write; encrypted-media; gyroscope; picture-in-picture" allowfullscreen></iframe>
</div></figure>



<p class="has-medium-font-size">Conferencia Descendimiento</p>



<figure class="wp-block-embed is-type-video is-provider-youtube wp-block-embed-youtube wp-embed-aspect-4-3 wp-has-aspect-ratio"><div class="wp-block-embed__wrapper">
<iframe loading="lazy" title="Conferencia Descendimiento" width="950" height="713" src="https://www.youtube.com/embed/v_yUiiQXcIg?feature=oembed" frameborder="0" allow="accelerometer; autoplay; clipboard-write; encrypted-media; gyroscope; picture-in-picture" allowfullscreen></iframe>
</div></figure>



<p class="has-medium-font-size">50 aniversario Stmo. Cristo del Descendimiento</p>



<figure class="wp-block-embed is-type-video is-provider-youtube wp-block-embed-youtube wp-embed-aspect-4-3 wp-has-aspect-ratio"><div class="wp-block-embed__wrapper">
<iframe loading="lazy" title="50 Aniversario Stmo Cristo del Descendimiento" width="950" height="713" src="https://www.youtube.com/embed/c4SsdzGBhpU?feature=oembed" frameborder="0" allow="accelerometer; autoplay; clipboard-write; encrypted-media; gyroscope; picture-in-picture" allowfullscreen></iframe>
</div></figure>



<p class="has-medium-font-size">Procesión Muerte de Cristo 2016</p>



<figure class="wp-block-embed is-type-video is-provider-youtube wp-block-embed-youtube wp-embed-aspect-16-9 wp-has-aspect-ratio"><div class="wp-block-embed__wrapper">
<iframe loading="lazy" title="Stmo. Cristo del Descendimiento Crevillent" width="950" height="534" src="https://www.youtube.com/embed/y7TKgtWIIM0?feature=oembed" frameborder="0" allow="accelerometer; autoplay; clipboard-write; encrypted-media; gyroscope; picture-in-picture" allowfullscreen></iframe>
</div></figure>



<p class="has-medium-font-size">Procesión Muerte de Cristo 2014</p>



<figure class="wp-block-embed is-type-video is-provider-youtube wp-block-embed-youtube wp-embed-aspect-16-9 wp-has-aspect-ratio"><div class="wp-block-embed__wrapper">
<iframe loading="lazy" title="Stmo Cristo del Descendimiento 2014" width="950" height="534" src="https://www.youtube.com/embed/Pq7pFrK0vPk?feature=oembed" frameborder="0" allow="accelerometer; autoplay; clipboard-write; encrypted-media; gyroscope; picture-in-picture" allowfullscreen></iframe>
</div></figure>

<p>A continuación compartimos vídeos de la Cofradía editados y publicados por D. Francisco Polo Candela, a quien agradecemos su dedicación a la cofradía. Una dedicación que entre otras muchas cosas nos deja un gran legado documental. Procesión 2022 Hacia el 75 aniversario Conferencia Descendimiento 50 aniversario Stmo. Cristo del Descendimiento Procesión Muerte de Cristo 2016 &hellip; </p>
<p class="link-more"><a href="https://descendimientocrevillent.es/?page_id=2" class="more-link">Read more<span class="screen-reader-text"> &#8220;Videos&#8221;</span></a></p>
