{"id":134,"date":"2022-03-18T17:48:30","date_gmt":"2022-03-18T17:48:30","guid":{"rendered":"http:\/\/descendimientocrevillent.es\/?page_id=134"},"modified":"2022-04-24T18:18:58","modified_gmt":"2022-04-24T18:18:58","slug":"75-aniversario","status":"publish","type":"page","link":"https:\/\/descendimientocrevillent.es\/?page_id=134","title":{"rendered":"75 Aniversario"},"content":{"rendered":"\n<p>En esta p\u00e1gina recopilamos la informaci\u00f3n relativa a los actos del 75 aniversario de la fundaci\u00f3n de la Cofrad\u00eda del Sant\u00edsimo Cristo del Descendimiento de Crevillent, que se celebrar\u00e1n durante el a\u00f1o 2022.<\/p>\n\n\n\n<figure class=\"wp-block-image size-large\"><img loading=\"lazy\" width=\"726\" height=\"1024\" src=\"https:\/\/descendimientocrevillent.es\/wp-content\/uploads\/2022\/03\/WhatsApp-Image-2022-03-14-at-16.15.15-726x1024.jpeg\" alt=\"\" class=\"wp-image-135\" srcset=\"https:\/\/descendimientocrevillent.es\/wp-content\/uploads\/2022\/03\/WhatsApp-Image-2022-03-14-at-16.15.15-726x1024.jpeg 726w, https:\/\/descendimientocrevillent.es\/wp-content\/uploads\/2022\/03\/WhatsApp-Image-2022-03-14-at-16.15.15-213x300.jpeg 213w, https:\/\/descendimientocrevillent.es\/wp-content\/uploads\/2022\/03\/WhatsApp-Image-2022-03-14-at-16.15.15-768x1083.jpeg 768w, https:\/\/descendimientocrevillent.es\/wp-content\/uploads\/2022\/03\/WhatsApp-Image-2022-03-14-at-16.15.15-1090x1536.jpeg 1090w, https:\/\/descendimientocrevillent.es\/wp-content\/uploads\/2022\/03\/WhatsApp-Image-2022-03-14-at-16.15.15.jpeg 1135w\" sizes=\"(max-width: 726px) 100vw, 726px\" \/><\/figure>\n\n\n\n<p>Uno de estos primeros actos consisti\u00f3 en una mesa redonda liderada y moderada por D. Francisco Polo Candela, que cont\u00f3 adem\u00e1s con la participaci\u00f3n de dos cofrades ilustres de nuestra Cofrad\u00eda, D. Jos\u00e9 Antonio Serna y D. Carlos Candela, que nos ofrecieron detalles de su experiencia y vivencias con la Cofrad\u00eda. Mesa redonda en la que tambi\u00e9n particip\u00f3 como invitado ilustre, D. Juan Carlos Gil, Vicepresidente de la Hermandad. <\/p>\n\n\n\n<div class=\"wp-container-1 wp-block-buttons\">\n<div class=\"wp-block-button\"><a class=\"wp-block-button__link\" href=\"https:\/\/descendimientocrevillent.es\/?page_id=134\" target=\"_blank\" rel=\"noreferrer noopener\">VER MESA REDONDA<\/a><\/div>\n<\/div>\n\n\n\n<p> Adem\u00e1s, se completaron los actos del 75 Aniversario de la Cofrad\u00eda con una exposici\u00f3n fotograf\u00eda al aire libre realizada en la calle Primero de Mayo de Crevillent.<\/p>\n\n\n\n<div class=\"wp-container-2 wp-block-buttons\">\n<div class=\"wp-block-button\"><a class=\"wp-block-button__link\" href=\"https:\/\/descendimientocrevillent.es\/?page_id=172\">VER EXPOSICI\u00d3N<\/a><\/div>\n<\/div>\n","protected":false},"excerpt":{"rendered":"<p>En esta p\u00e1gina recopilamos la informaci\u00f3n relativa a los actos del 75 aniversario de la fundaci\u00f3n de la Cofrad\u00eda del Sant\u00edsimo Cristo del Descendimiento de Crevillent, que se celebrar\u00e1n durante el a\u00f1o 2022. Uno de estos primeros actos consisti\u00f3 en una mesa redonda liderada y moderada por D. Francisco Polo Candela, que cont\u00f3 adem\u00e1s con &hellip; <\/p>\n<p class=\"link-more\"><a href=\"https:\/\/descendimientocrevillent.es\/?page_id=134\" class=\"more-link\">Read more<span class=\"screen-reader-text\"> &#8220;75 Aniversario&#8221;<\/span><\/a><\/p>\n","protected":false},"author":1,"featured_media":21,"parent":0,"menu_order":0,"comment_status":"closed","ping_status":"closed","template":"","meta":{"om_disable_all_campaigns":false,"_mi_skip_tracking":false,"_monsterinsights_sitenote_active":false,"_monsterinsights_sitenote_note":"","_monsterinsights_sitenote_category":0},"aioseo_notices":[],"_links":{"self":[{"href":"https:\/\/descendimientocrevillent.es\/index.php?rest_route=\/wp\/v2\/pages\/134"}],"collection":[{"href":"https:\/\/descendimientocrevillent.es\/index.php?rest_route=\/wp\/v2\/pages"}],"about":[{"href":"https:\/\/descendimientocrevillent.es\/index.php?rest_route=\/wp\/v2\/types\/page"}],"author":[{"embeddable":true,"href":"https:\/\/descendimientocrevillent.es\/index.php?rest_route=\/wp\/v2\/users\/1"}],"replies":[{"embeddable":true,"href":"https:\/\/descendimientocrevillent.es\/index.php?rest_route=%2Fwp%2Fv2%2Fcomments&post=134"}],"version-history":[{"count":11,"href":"https:\/\/descendimientocrevillent.es\/index.php?rest_route=\/wp\/v2\/pages\/134\/revisions"}],"predecessor-version":[{"id":217,"href":"https:\/\/descendimientocrevillent.es\/index.php?rest_route=\/wp\/v2\/pages\/134\/revisions\/217"}],"wp:featuredmedia":[{"embeddable":true,"href":"https:\/\/descendimientocrevillent.es\/index.php?rest_route=\/wp\/v2\/media\/21"}],"wp:attachment":[{"href":"https:\/\/descendimientocrevillent.es\/index.php?rest_route=%2Fwp%2Fv2%2Fmedia&parent=134"}],"curies":[{"name":"wp","href":"https:\/\/api.w.org\/{rel}","templated":true}]}}

<p>En esta página recopilamos la información relativa a los actos del 75 aniversario de la fundación de la Cofradía del Santísimo Cristo del Descendimiento de Crevillent, que se celebrarán durante el año 2022.</p>



<figure class="wp-block-image size-large"><img loading="lazy" width="726" height="1024" src="https://descendimientocrevillent.es/wp-content/uploads/2022/03/WhatsApp-Image-2022-03-14-at-16.15.15-726x1024.jpeg" alt="" class="wp-image-135" srcset="https://descendimientocrevillent.es/wp-content/uploads/2022/03/WhatsApp-Image-2022-03-14-at-16.15.15-726x1024.jpeg 726w, https://descendimientocrevillent.es/wp-content/uploads/2022/03/WhatsApp-Image-2022-03-14-at-16.15.15-213x300.jpeg 213w, https://descendimientocrevillent.es/wp-content/uploads/2022/03/WhatsApp-Image-2022-03-14-at-16.15.15-768x1083.jpeg 768w, https://descendimientocrevillent.es/wp-content/uploads/2022/03/WhatsApp-Image-2022-03-14-at-16.15.15-1090x1536.jpeg 1090w, https://descendimientocrevillent.es/wp-content/uploads/2022/03/WhatsApp-Image-2022-03-14-at-16.15.15.jpeg 1135w" sizes="(max-width: 726px) 100vw, 726px" /></figure>



<p>Uno de estos primeros actos consistió en una mesa redonda liderada y moderada por D. Francisco Polo Candela, que contó además con la participación de dos cofrades ilustres de nuestra Cofradía, D. José Antonio Serna y D. Carlos Candela, que nos ofrecieron detalles de su experiencia y vivencias con la Cofradía. Mesa redonda en la que también participó como invitado ilustre, D. Juan Carlos Gil, Vicepresidente de la Hermandad. </p>



<div class="wp-container-1 wp-block-buttons">
<div class="wp-block-button"><a class="wp-block-button__link" href="https://descendimientocrevillent.es/?page_id=134" target="_blank" rel="noreferrer noopener">VER MESA REDONDA</a></div>
</div>



<p> Además, se completaron los actos del 75 Aniversario de la Cofradía con una exposición fotografía al aire libre realizada en la calle Primero de Mayo de Crevillent.</p>



<div class="wp-container-2 wp-block-buttons">
<div class="wp-block-button"><a class="wp-block-button__link" href="https://descendimientocrevillent.es/?page_id=172">VER EXPOSICIÓN</a></div>
</div>

<p>En esta página recopilamos la información relativa a los actos del 75 aniversario de la fundación de la Cofradía del Santísimo Cristo del Descendimiento de Crevillent, que se celebrarán durante el año 2022. Uno de estos primeros actos consistió en una mesa redonda liderada y moderada por D. Francisco Polo Candela, que contó además con &hellip; </p>
<p class="link-more"><a href="https://descendimientocrevillent.es/?page_id=134" class="more-link">Read more<span class="screen-reader-text"> &#8220;75 Aniversario&#8221;</span></a></p>
